
Calculate the remainder when 241971 is divided by 4839.
21
What is the remainder when 52433 is divided by 12872?
945
Calculate the remainder when 175676 is divided by 192.
188
What is the remainder when 3106 is divided by 109?
54
Calculate the remainder when 17135 is divided by 7973.
1189
Calculate the remainder when 13462 is divided by 345.
7
Calculate the remainder when 3305 is divided by 101.
73
What is the remainder when 4838 is divided by 1197?
50
Calculate the remainder when 1486 is divided by 498.
490
What is the remainder when 33371 is divided by 16682?
7
What is the remainder when 728 is divided by 121?
2
What is the remainder when 26924 is divided by 362?
136
Calculate the remainder when 2368 is divided by 269.
216
Calculate the remainder when 3377 is divided by 99.
11
Calculate the remainder when 25831 is divided by 863.
804
What is the remainder when 1133 is divided by 145?
118
What is the remainder when 13724 is divided by 136?
124
What is the remainder when 1714 is divided by 422?
26
What is the remainder when 196319 is divided by 4089?
47
What is the remainder when 19047 is divided by 120?
87
What is the remainder when 74213 is divided by 18544?
37
What is the remainder when 1933 is divided by 42?
1
Calculate the remainder when 127715 is divided by 58.
57
What is the remainder when 249983 is divided by 672?
671
Calculate the remainder when 13540 is divided by 1042.
1036
What is the remainder when 211277 is divided by 40?
37
What is the remainder when 983 is divided by 390?
203
What is the remainder when 16228 is divided by 134?
14
Calculate the remainder when 848774 is divided by 5.
4
Calculate the remainder when 2918 is divided by 172.
166
Calculate the remainder when 5555 is divided by 1315.
295
What is the remainder when 282 is divided by 54?
12
Calculate the remainder when 481 is divided by 470.
11
What is the remainder when 306678 is divided by 626?
564
Calculate the remainder when 500770 is divided by 535.
10
Calculate the remainder when 1314 is divided by 64.
34
What is the remainder when 1098 is divided by 114?
72
Calculate the remainder when 2558143 is divided by 2179.
2176
What is the remainder when 27141 is divided by 78?
75
What is the remainder when 15245 is divided by 11?
10
Calculate the remainder when 156985 is divided by 19612.
89
What is the remainder when 600112 is divided by 593?
589
What is the remainder when 4319 is divided by 754?
549
What is the remainder when 175993 is divided by 40?
33
What is the remainder when 47180 is divided by 2621?
2
What is the remainder when 115779 is divided by 38591?
6
Calculate the remainder when 195502 is divided by 148.
142
What is the remainder when 425 is divided by 9?
2
Calculate the remainder when 5784 is divided by 1928.
0
What is the remainder when 90897 is divided by 30294?
15
What is the remainder when 5867 is divided by 1448?
75
Calculate the remainder when 2164037 is divided by 33.
29
Calculate the remainder when 1028 is divided by 899.
129
Calculate the remainder when 25736 is divided by 1834.
60
What is the remainder when 630899 is divided by 5?
4
What is the remainder when 8127 is divided by 45?
27
What is the remainder when 5507 is divided by 307?
288
What is the remainder when 199725 is divided by 33281?
39
What is the remainder when 2583 is divided by 424?
39
What is the remainder when 29546 is divided by 1736?
34
Calculate the remainder when 16758 is divided by 20.
18
Calculate the remainder when 7665 is divided by 772.
717
What is the remainder when 22649 is divided by 204?
5
What is the remainder when 6761 is divided by 71?
16
Calculate the remainder when 5550 is divided by 8.
6
Calculate the remainder when 108523 is divided by 952.
947
Calculate the remainder when 79766 is divided by 79764.
2
Calculate the remainder when 2380549 is divided by 1013.
1012
What is the remainder when 146620 is divided by 116?
112
What is the remainder when 117843 is divided by 5?
3
Calculate the remainder when 3628 is divided by 188.
56
Calculate the remainder when 9719 is divided by 199.
167
What is the remainder when 4295 is divided by 3809?
486
What is the remainder when 47357 is divided by 510?
437
Calculate the remainder when 36406 is divided by 182.
6
Calculate the remainder when 27445 is divided by 3917.
26
Calculate the remainder when 2374517 is divided by 42.
5
Calculate the remainder when 1197 is divided by 60.
57
What is the remainder when 685417 is divided by 215?
212
Calculate the remainder when 60988 is divided by 182.
18
What is the remainder when 5568 is divided by 17?
9
Calculate the remainder when 1915901 is divided by 948.
941
Calculate the remainder when 4355 is divided by 869.
10
Calculate the remainder when 41340 is divided by 175.
40
Calculate the remainder when 556 is divided by 500.
56
What is the remainder when 8788 is divided by 2192?
20
What is the remainder when 14529 is divided by 230?
39
Calculate the remainder when 1610696 is divided by 130.
126
Calculate the remainder when 102273 is divided by 1150.
1073
What is the remainder when 1845 is divided by 556?
177
What is the remainder when 188637 is divided by 32?
29
What is the remainder when 11292 is divided by 1174?
726
What is the remainder when 208668 is divided by 727?
19
Calculate the remainder when 1329 is divided by 420.
69
What is the remainder when 1019084 is divided by 254769?
8
Calculate the remainder when 54883 is divided by 518.
493
Calculate the remainder when 80832 is divided by 20198.
40
Calculate the remainder when 33430 is divided by 29.
22
What is the remainder when 1544 is divided by 84?
32
What is the remainder when 3977 is divided by 499?
484
Calculate the remainder when 154366 is divided by 16.
14
What is the remainder when 149 is divided by 3?
2
What is the remainder when 194481 is divided by 1144?
1
Calculate the remainder when 3007 is divided by 504.
487
Calculate the remainder when 13366 is divided by 6.
4
What is the remainder when 56255 is divided by 5114?
1
What is the remainder when 6185 is divided by 228?
29
Calculate the remainder when 579309 is divided by 38.
37
Calculate the remainder when 7021 is divided by 996.
49
What is the remainder when 2317 is divided by 752?
61
Calculate the remainder when 9637 is divided by 211.
142
What is the remainder when 32158 is divided by 24?
22
Calculate the remainder when 3368639 is divided by 523.
519
Calculate the remainder when 287792 is divided by 141.
11
Calculate the remainder when 5415 is divided by 247.
228
What is the remainder when 7169 is divided by 999?
176
What is the remainder when 73441 is divided by 159?
142
Calculate the remainder when 320711 is divided by 16.
7
Calculate the remainder when 69974 is divided by 430.
314
What is the remainder when 239247 is divided by 251?
44
Calculate the remainder when 14627 is divided by 2089.
4
Calculate the remainder when 1372 is divided by 137.
2
What is the remainder when 2351863 is divided by 401?
399
What is the remainder when 1034 is divided by 18?
8
What is the remainder when 711 is divided by 190?
141
Calculate the remainder when 8408 is divided by 646.
10
Calculate the remainder when 244097 is divided by 20.
17
Calculate the remainder when 516297 is divided by 1721.
1718
What is the remainder when 324411 is divided by 274?
269
What is the remainder when 14141 is divided by 1180?
1161
What is the remainder when 3394 is divided by 85?
79
What is the remainder when 4098 is divided by 1216?
450
Calculate the remainder when 13295 is divided by 3.
2
What is the remainder when 17264 is divided by 4303?
52
What is the remainder when 3668 is divided by 237?
113
What is the remainder when 11999 is divided by 40?
39
Calculate the remainder when 2370 is divided by 473.
5
Calculate the remainder when 4024 is divided by 445.
19
What is the remainder when 939972 is divided by 453?
450
What is the remainder when 266768 is divided by 66?
62
Calculate the remainder when 106545 is divided by 90.
75
What is the remainder when 44510 is divided by 2967?
5
What is the remainder when 28427 is divided by 92?
91
Calculate the remainder when 3776 is divided by 247.
71
What is the remainder when 95582 is divided by 8?
6
Calculate the remainder when 7169 is divided by 1690.
409
What is th